{"id":55,"date":"2023-06-11T15:57:04","date_gmt":"2023-06-11T18:57:04","guid":{"rendered":"http:\/\/congregacioncristiana.org.ar\/?page_id=55"},"modified":"2025-12-15T17:24:40","modified_gmt":"2025-12-15T20:24:40","slug":"comunicaciones","status":"publish","type":"page","link":"https:\/\/congregacioncristiana.org.ar\/index.php\/comunicaciones\/","title":{"rendered":"Circulares"},"content":{"rendered":"\n<h2 class=\"wp-block-heading\">COMUNICADO AL MINISTERIO Y HERMANDAD EN GENERAL DE LA CONGREGACI\u00d3N CRISTIANA EN LA ARGENTINA<\/h2>\n\n\n\n<h3 class=\"wp-block-heading\"><strong>COLECTA NACIONAL DE PIEDAD<\/strong><\/h3>\n\n\n\n<p class=\"has-text-align-right\">Buenos Aires, 15 de Diciembre de 2025<\/p>\n\n\n\n<p>La Paz de Dios sea en nuestros corazones.<\/p>\n\n\n\n<p>Por medio de la presente, el ministerio de la Congregaci\u00f3n Cristiana en la Argentina desea poner en conocimiento de todo el pueblo de Dios la realizaci\u00f3n de la Colecta Nacional Especial para Calamidades y Necesidades Diversas, una obra que no nace del hombre, sino de la direcci\u00f3n del Se\u00f1or para la preservaci\u00f3n, el auxilio y la edificaci\u00f3n de Su pueblo. <\/p>\n\n\n\n<p>Las Sagradas Escrituras nos ense\u00f1an que: &#8220;Sobrellevad los unos las cargas de los otros, y cumplid as\u00ed la ley de Cristo&#8221; (G\u00e1latas 6:2). En este esp\u00edritu de amor, comuni\u00f3n y responsabilidad cristiana, esta colecta tiene como prop\u00f3sito constituir un fondo nacional \u00fanico, destinado a responder con prontitud, orden y transparencia ante situaciones de calamidad, desastres, emergencias y necesidades especiales que puedan afectar a nuestros hermanos.<\/p>\n\n\n\n<p>Este fondo es administrado por una comisi\u00f3n especial formada por Ancianos, Di\u00e1conos y Administradores, quienes, en comuni\u00f3n con Dios, buscan su direcci\u00f3n para el debido uso de estos recursos, actuando siempre con temor, respeto y fidelidad ante el Se\u00f1or y ante la Iglesia.<br>Sabemos que el pueblo de Dios atraviesa diversas pruebas, pero tambi\u00e9n sabemos que Dios nunca desampara a los que conf\u00edan en \u00c9l. Por eso, como Iglesia ordenada, no debemos actuar movidos por la urgencia humana o el desorden, sino conforme a la previsi\u00f3n espiritual que el Se\u00f1or nos ha concedido a trav\u00e9s de esta obra.<\/p>\n\n\n\n<p>La Palabra nos exhorta: &#8220;Cada uno d\u00e9 como propuso en su coraz\u00f3n, no con tristeza ni por necesidad, porque Dios ama al dador alegre&#8221; (2 Corintios 9:7). Por ello, oramos para que el Se\u00f1or disponga nuestros corazones, para que, en una misma fe, amor y comuni\u00f3n, podamos realizar este esfuerzo especial, confiando que de \u00c9l surgir\u00e1n abundantes frutos de bendici\u00f3n.<\/p>\n\n\n\n<p>Esta colecta se abrir\u00e1 el 15 de diciembre y se cerrar\u00e1 el d\u00eda 15 de enero, finalizando dicho periodo se manifestar\u00e1 al pueblo en general cu\u00e1l fue el fruto recaudado a nivel Nacional.<\/p>\n\n\n\n<p>El ingreso de este fruto ser\u00e1 por medio de sobres a colocar en la ranura de Especiales en la caja de ofrendas. Por medio del c\u00f3digo QR, el mismo se encontrar\u00e1 en la parte superior de las cajas de ofrendas y tambi\u00e9n por transferencia indicando ALIAS o CVU que se detallan en esta circular.<\/p>\n\n\n\n<p>Nos alegramos en servir a Dios tambi\u00e9n por medio de esta obra, sabiendo que la fe se manifiesta con acciones, y que el Se\u00f1or es fiel para recompensar cada acto hecho con sinceridad.<\/p>\n\n\n\n<p>Que la paz de Dios y Su amor permanezcan siempre en nuestros corazones.<\/p>\n\n\n\n<p>IMPORTANTE: La presente circular deber\u00e1 ser le\u00edda exclusivamente en todas las Iglesias y Casas de Oraci\u00f3n de la Rep\u00fablica Argentina, donde las colectas est\u00e9n debidamente habilitadas por la Administraci\u00f3n Nacional.<br>Titular: CONGREGACI\u00d3N CRISTIANA EN LA ARGENTINA<br>CUIT\/CUIL: 30-66247230-8<br>CVU: 0000003100097597449080<br>Alias: <strong>COLECTAESPECIAL.CCA<\/strong><\/p>\n\n\n<div class=\"wp-block-image\">\n<figure class=\"aligncenter size-full\"><img loading=\"lazy\" decoding=\"async\" width=\"713\" height=\"527\" src=\"https:\/\/congregacioncristiana.org.ar\/wp-content\/uploads\/2025\/12\/image.png\" alt=\"\" class=\"wp-image-2178\" srcset=\"https:\/\/congregacioncristiana.org.ar\/wp-content\/uploads\/2025\/12\/image.png 713w, https:\/\/congregacioncristiana.org.ar\/wp-content\/uploads\/2025\/12\/image-300x222.png 300w\" sizes=\"auto, (max-width: 713px) 100vw, 713px\" \/><\/figure>\n<\/div>\n\n\n<p>Consejo de Ancianos y Di\u00e1conos m\u00e1s antiguos de la Congregaci\u00f3n Cristiana en la Argentina.<\/p>\n\n\n\n<div class=\"wp-block-buttons is-layout-flex wp-block-buttons-is-layout-flex\">\n<div class=\"wp-block-button\"><a class=\"wp-block-button__link wp-element-button\" href=\"https:\/\/congregacioncristiana.org.ar\/index.php\/circular-12-08-2025\/\">CIRCULAR 12\/08\/2025<\/a><\/div>\n\n\n\n<div class=\"wp-block-button\"><a class=\"wp-block-button__link wp-element-button\" href=\"https:\/\/congregacioncristiana.org.ar\/index.php\/circular-15-06-2025\/\">CIRCULAR 15\/06\/2025<\/a><\/div>\n\n\n\n<div class=\"wp-block-button\"><a class=\"wp-block-button__link wp-element-button\" href=\"https:\/\/congregacioncristiana.org.ar\/index.php\/circular-15-12-2024\/\">CIRCULAR 15\/12\/2024<\/a><\/div>\n\n\n\n<div class=\"wp-block-button\"><a class=\"wp-block-button__link wp-element-button\" href=\"https:\/\/congregacioncristiana.org.ar\/index.php\/circular-27-08-2024\/\" target=\"_blank\" rel=\"noreferrer noopener\">CIRCULAR 27\/08\/2024<\/a><\/div>\n\n\n\n<div class=\"wp-block-button\"><a class=\"wp-block-button__link wp-element-button\" href=\"https:\/\/congregacioncristiana.org.ar\/index.php\/circular-13-06-2024\/\" target=\"_blank\" rel=\"noreferrer noopener\">CIRCULAR 13\/06\/2024<\/a><\/div>\n\n\n\n<div class=\"wp-block-button\"><a class=\"wp-block-button__link wp-element-button\" href=\"https:\/\/congregacioncristiana.org.ar\/index.php\/circular-15-12-2023\/\" target=\"_blank\" rel=\"noreferrer noopener\">CIRCULAR 15\/12\/2023<\/a><\/div>\n\n\n\n<div class=\"wp-block-button\"><a class=\"wp-block-button__link wp-element-button\" href=\"https:\/\/congregacioncristiana.org.ar\/index.php\/circular-20-08-2023\/\" target=\"_blank\" rel=\"noreferrer noopener\">CIRCULAR 20\/08\/2023<\/a><\/div>\n\n\n\n<div class=\"wp-block-button\"><a class=\"wp-block-button__link wp-element-button\" href=\"https:\/\/congregacioncristiana.org.ar\/index.php\/circular-11-06-2023\/\" target=\"_blank\" rel=\"noreferrer noopener\">CIRCULAR 11\/06\/2023<\/a><\/div>\n\n\n\n<div class=\"wp-block-button\"><a class=\"wp-block-button__link wp-element-button\" href=\"https:\/\/congregacioncristiana.org.ar\/index.php\/circular-27-11-2022\/\" target=\"_blank\" rel=\"noreferrer noopener\">CIRCULAR 27\/11\/2022<\/a><\/div>\n\n\n\n<div class=\"wp-block-button\"><a class=\"wp-block-button__link wp-element-button\" href=\"https:\/\/congregacioncristiana.org.ar\/index.php\/circular-23-08-2022\/\" target=\"_blank\" rel=\"noreferrer noopener\">CIRCULAR 23\/08\/2022<\/a><\/div>\n\n\n\n<div class=\"wp-block-button\"><a class=\"wp-block-button__link wp-element-button\" href=\"https:\/\/congregacioncristiana.org.ar\/index.php\/circular-21-08-2022\/\" target=\"_blank\" rel=\"noreferrer noopener\">CIRCULAR 21\/08\/2022<\/a><\/div>\n\n\n\n<div class=\"wp-block-button\"><a class=\"wp-block-button__link wp-element-button\" href=\"https:\/\/congregacioncristiana.org.ar\/index.php\/circular-14-06-2022\/\" target=\"_blank\" rel=\"noreferrer noopener\">CIRCULAR 14\/06\/2022<\/a><\/div>\n\n\n\n<div class=\"wp-block-button\"><a class=\"wp-block-button__link wp-element-button\" href=\"https:\/\/congregacioncristiana.org.ar\/index.php\/circular-08-02-2022\/\" target=\"_blank\" rel=\"noreferrer noopener\">CIRCULAR 08\/02\/2022<\/a><\/div>\n\n\n\n<div class=\"wp-block-button\"><a class=\"wp-block-button__link wp-element-button\" href=\"https:\/\/congregacioncristiana.org.ar\/index.php\/circular-10-01-2022\/\" target=\"_blank\" rel=\"noreferrer noopener\">CIRCULAR 10\/01\/2022<\/a><\/div>\n\n\n\n<div class=\"wp-block-button\"><a class=\"wp-block-button__link wp-element-button\" href=\"https:\/\/congregacioncristiana.org.ar\/index.php\/circular-14-12-2021\/\" target=\"_blank\" rel=\"noreferrer noopener\">CIRCULAR 14\/12\/2021<\/a><\/div>\n\n\n\n<div class=\"wp-block-button\"><a class=\"wp-block-button__link wp-element-button\" href=\"https:\/\/congregacioncristiana.org.ar\/index.php\/circular-25-09-2021\/\" target=\"_blank\" rel=\"noreferrer noopener\">CIRCULAR 25\/09\/2021<\/a><\/div>\n\n\n\n<div class=\"wp-block-button\"><a class=\"wp-block-button__link wp-element-button\" href=\"https:\/\/congregacioncristiana.org.ar\/index.php\/circular-26-07-2021\/\" target=\"_blank\" rel=\"noreferrer noopener\">CIRCULAR 26\/07\/2021<\/a><\/div>\n\n\n\n<div class=\"wp-block-button\"><a class=\"wp-block-button__link wp-element-button\" href=\"https:\/\/congregacioncristiana.org.ar\/index.php\/circular-28-06-2021\/\" target=\"_blank\" rel=\"noreferrer noopener\">CIRCULAR 28\/06\/2021<\/a><\/div>\n\n\n\n<div class=\"wp-block-button\"><a class=\"wp-block-button__link wp-element-button\" href=\"https:\/\/congregacioncristiana.org.ar\/index.php\/circular-19-06-2021\/\" target=\"_blank\" rel=\"noreferrer noopener\">CIRCULAR 19\/06\/2021<\/a><\/div>\n\n\n\n<div class=\"wp-block-button\"><a class=\"wp-block-button__link wp-element-button\" href=\"https:\/\/congregacioncristiana.org.ar\/index.php\/circular-05-05-2021\/\" target=\"_blank\" rel=\"noreferrer noopener\">CIRCULAR 05\/05\/2021<\/a><\/div>\n\n\n\n<div class=\"wp-block-button\"><a class=\"wp-block-button__link wp-element-button\" href=\"https:\/\/congregacioncristiana.org.ar\/index.php\/circular-15-04-2021\/\" target=\"_blank\" rel=\"noreferrer noopener\">CIRCULAR 15\/04\/2021<\/a><\/div>\n\n\n\n<div class=\"wp-block-button\"><a class=\"wp-block-button__link wp-element-button\" href=\"https:\/\/congregacioncristiana.org.ar\/index.php\/circular-09-03-2021\/\" target=\"_blank\" rel=\"noreferrer noopener\">CIRCULAR 09\/03\/2021<\/a><\/div>\n\n\n\n<div class=\"wp-block-button\"><a class=\"wp-block-button__link wp-element-button\" href=\"https:\/\/congregacioncristiana.org.ar\/index.php\/circular-21-01-2021\/\" target=\"_blank\" rel=\"noreferrer noopener\">CIRCULAR 21\/01\/2021<\/a><\/div>\n\n\n\n<div class=\"wp-block-button\"><a class=\"wp-block-button__link wp-element-button\" href=\"https:\/\/congregacioncristiana.org.ar\/index.php\/circular-17-12-2020\/\" target=\"_blank\" rel=\"noreferrer noopener\">CIRCULAR 17\/12\/2020<\/a><\/div>\n\n\n\n<div class=\"wp-block-button\"><a class=\"wp-block-button__link wp-element-button\" href=\"https:\/\/congregacioncristiana.org.ar\/index.php\/circular-25-06-2020\/\" target=\"_blank\" rel=\"noreferrer noopener\">CIRCULAR 25\/06\/2020<\/a><\/div>\n\n\n\n<div class=\"wp-block-button\"><a class=\"wp-block-button__link wp-element-button\" href=\"https:\/\/congregacioncristiana.org.ar\/index.php\/circular-22-06-2020\/\" target=\"_blank\" rel=\"noreferrer noopener\">CIRCULAR 22\/06\/2020<\/a><\/div>\n\n\n\n<div class=\"wp-block-button\"><a class=\"wp-block-button__link wp-element-button\" href=\"https:\/\/congregacioncristiana.org.ar\/index.php\/circular-16-06-2020\/\" target=\"_blank\" rel=\"noreferrer noopener\">CIRCULAR 16\/06\/2020<\/a><\/div>\n\n\n\n<div class=\"wp-block-button\"><a class=\"wp-block-button__link wp-element-button\" href=\"https:\/\/congregacioncristiana.org.ar\/index.php\/circular-16-04-2020\/\" target=\"_blank\" rel=\"noreferrer noopener\">CIRCULAR 16\/04\/2020<\/a><\/div>\n\n\n\n<div class=\"wp-block-button\"><a class=\"wp-block-button__link wp-element-button\" href=\"https:\/\/congregacioncristiana.org.ar\/index.php\/circular-23-03-2020\/\" target=\"_blank\" rel=\"noreferrer noopener\">CIRCULAR 23\/03\/2020<\/a><\/div>\n<\/div>\n\n\n\n<p><\/p>\n","protected":false},"excerpt":{"rendered":"<p>COMUNICADO AL MINISTERIO Y HERMANDAD EN GENERAL DE LA CONGREGACI\u00d3N CRISTIANA EN LA ARGENTINA COLECTA NACIONAL DE PIEDAD Buenos Aires, 15 de Diciembre de 2025 La Paz de Dios sea en nuestros corazones. Por medio de la presente, el ministerio de la Congregaci\u00f3n Cristiana en la Argentina desea poner en conocimiento de todo el pueblo <a href=\"https:\/\/congregacioncristiana.org.ar\/index.php\/comunicaciones\/\" rel=\"nofollow\"><span class=\"sr-only\">Leer m\u00e1s sobreCirculares<\/span>[&hellip;]<\/a><\/p>\n","protected":false},"author":1,"featured_media":0,"parent":0,"menu_order":0,"comment_status":"closed","ping_status":"closed","template":"","meta":{"footnotes":""},"class_list":["post-55","page","type-page","status-publish","hentry"],"_links":{"self":[{"href":"https:\/\/congregacioncristiana.org.ar\/index.php\/wp-json\/wp\/v2\/pages\/55","targetHints":{"allow":["GET"]}}],"collection":[{"href":"https:\/\/congregacioncristiana.org.ar\/index.php\/wp-json\/wp\/v2\/pages"}],"about":[{"href":"https:\/\/congregacioncristiana.org.ar\/index.php\/wp-json\/wp\/v2\/types\/page"}],"author":[{"embeddable":true,"href":"https:\/\/congregacioncristiana.org.ar\/index.php\/wp-json\/wp\/v2\/users\/1"}],"replies":[{"embeddable":true,"href":"https:\/\/congregacioncristiana.org.ar\/index.php\/wp-json\/wp\/v2\/comments?post=55"}],"version-history":[{"count":121,"href":"https:\/\/congregacioncristiana.org.ar\/index.php\/wp-json\/wp\/v2\/pages\/55\/revisions"}],"predecessor-version":[{"id":2179,"href":"https:\/\/congregacioncristiana.org.ar\/index.php\/wp-json\/wp\/v2\/pages\/55\/revisions\/2179"}],"wp:attachment":[{"href":"https:\/\/congregacioncristiana.org.ar\/index.php\/wp-json\/wp\/v2\/media?parent=55"}],"curies":[{"name":"wp","href":"https:\/\/api.w.org\/{rel}","templated":true}]}}

<h2 class="wp-block-heading">COMUNICADO AL MINISTERIO Y HERMANDAD EN GENERAL DE LA CONGREGACIÓN CRISTIANA EN LA ARGENTINA</h2>



<h3 class="wp-block-heading"><strong>COLECTA NACIONAL DE PIEDAD</strong></h3>



<p class="has-text-align-right">Buenos Aires, 15 de Diciembre de 2025</p>



<p>La Paz de Dios sea en nuestros corazones.</p>



<p>Por medio de la presente, el ministerio de la Congregación Cristiana en la Argentina desea poner en conocimiento de todo el pueblo de Dios la realización de la Colecta Nacional Especial para Calamidades y Necesidades Diversas, una obra que no nace del hombre, sino de la dirección del Señor para la preservación, el auxilio y la edificación de Su pueblo. </p>



<p>Las Sagradas Escrituras nos enseñan que: &#8220;Sobrellevad los unos las cargas de los otros, y cumplid así la ley de Cristo&#8221; (Gálatas 6:2). En este espíritu de amor, comunión y responsabilidad cristiana, esta colecta tiene como propósito constituir un fondo nacional único, destinado a responder con prontitud, orden y transparencia ante situaciones de calamidad, desastres, emergencias y necesidades especiales que puedan afectar a nuestros hermanos.</p>



<p>Este fondo es administrado por una comisión especial formada por Ancianos, Diáconos y Administradores, quienes, en comunión con Dios, buscan su dirección para el debido uso de estos recursos, actuando siempre con temor, respeto y fidelidad ante el Señor y ante la Iglesia.<br>Sabemos que el pueblo de Dios atraviesa diversas pruebas, pero también sabemos que Dios nunca desampara a los que confían en Él. Por eso, como Iglesia ordenada, no debemos actuar movidos por la urgencia humana o el desorden, sino conforme a la previsión espiritual que el Señor nos ha concedido a través de esta obra.</p>



<p>La Palabra nos exhorta: &#8220;Cada uno dé como propuso en su corazón, no con tristeza ni por necesidad, porque Dios ama al dador alegre&#8221; (2 Corintios 9:7). Por ello, oramos para que el Señor disponga nuestros corazones, para que, en una misma fe, amor y comunión, podamos realizar este esfuerzo especial, confiando que de Él surgirán abundantes frutos de bendición.</p>



<p>Esta colecta se abrirá el 15 de diciembre y se cerrará el día 15 de enero, finalizando dicho periodo se manifestará al pueblo en general cuál fue el fruto recaudado a nivel Nacional.</p>



<p>El ingreso de este fruto será por medio de sobres a colocar en la ranura de Especiales en la caja de ofrendas. Por medio del código QR, el mismo se encontrará en la parte superior de las cajas de ofrendas y también por transferencia indicando ALIAS o CVU que se detallan en esta circular.</p>



<p>Nos alegramos en servir a Dios también por medio de esta obra, sabiendo que la fe se manifiesta con acciones, y que el Señor es fiel para recompensar cada acto hecho con sinceridad.</p>



<p>Que la paz de Dios y Su amor permanezcan siempre en nuestros corazones.</p>



<p>IMPORTANTE: La presente circular deberá ser leída exclusivamente en todas las Iglesias y Casas de Oración de la República Argentina, donde las colectas estén debidamente habilitadas por la Administración Nacional.<br>Titular: CONGREGACIÓN CRISTIANA EN LA ARGENTINA<br>CUIT/CUIL: 30-66247230-8<br>CVU: 0000003100097597449080<br>Alias: <strong>COLECTAESPECIAL.CCA</strong></p>


<div class="wp-block-image">
<figure class="aligncenter size-full"><img loading="lazy" decoding="async" width="713" height="527" src="https://congregacioncristiana.org.ar/wp-content/uploads/2025/12/image.png" alt="" class="wp-image-2178" srcset="https://congregacioncristiana.org.ar/wp-content/uploads/2025/12/image.png 713w, https://congregacioncristiana.org.ar/wp-content/uploads/2025/12/image-300x222.png 300w" sizes="auto, (max-width: 713px) 100vw, 713px" /></figure>
</div>


<p>Consejo de Ancianos y Diáconos más antiguos de la Congregación Cristiana en la Argentina.</p>



<div class="wp-block-buttons is-layout-flex wp-block-buttons-is-layout-flex">
<div class="wp-block-button"><a class="wp-block-button__link wp-element-button" href="https://congregacioncristiana.org.ar/index.php/circular-12-08-2025/">CIRCULAR 12/08/2025</a></div>



<div class="wp-block-button"><a class="wp-block-button__link wp-element-button" href="https://congregacioncristiana.org.ar/index.php/circular-15-06-2025/">CIRCULAR 15/06/2025</a></div>



<div class="wp-block-button"><a class="wp-block-button__link wp-element-button" href="https://congregacioncristiana.org.ar/index.php/circular-15-12-2024/">CIRCULAR 15/12/2024</a></div>



<div class="wp-block-button"><a class="wp-block-button__link wp-element-button" href="https://congregacioncristiana.org.ar/index.php/circular-27-08-2024/" target="_blank" rel="noreferrer noopener">CIRCULAR 27/08/2024</a></div>



<div class="wp-block-button"><a class="wp-block-button__link wp-element-button" href="https://congregacioncristiana.org.ar/index.php/circular-13-06-2024/" target="_blank" rel="noreferrer noopener">CIRCULAR 13/06/2024</a></div>



<div class="wp-block-button"><a class="wp-block-button__link wp-element-button" href="https://congregacioncristiana.org.ar/index.php/circular-15-12-2023/" target="_blank" rel="noreferrer noopener">CIRCULAR 15/12/2023</a></div>



<div class="wp-block-button"><a class="wp-block-button__link wp-element-button" href="https://congregacioncristiana.org.ar/index.php/circular-20-08-2023/" target="_blank" rel="noreferrer noopener">CIRCULAR 20/08/2023</a></div>



<div class="wp-block-button"><a class="wp-block-button__link wp-element-button" href="https://congregacioncristiana.org.ar/index.php/circular-11-06-2023/" target="_blank" rel="noreferrer noopener">CIRCULAR 11/06/2023</a></div>



<div class="wp-block-button"><a class="wp-block-button__link wp-element-button" href="https://congregacioncristiana.org.ar/index.php/circular-27-11-2022/" target="_blank" rel="noreferrer noopener">CIRCULAR 27/11/2022</a></div>



<div class="wp-block-button"><a class="wp-block-button__link wp-element-button" href="https://congregacioncristiana.org.ar/index.php/circular-23-08-2022/" target="_blank" rel="noreferrer noopener">CIRCULAR 23/08/2022</a></div>



<div class="wp-block-button"><a class="wp-block-button__link wp-element-button" href="https://congregacioncristiana.org.ar/index.php/circular-21-08-2022/" target="_blank" rel="noreferrer noopener">CIRCULAR 21/08/2022</a></div>



<div class="wp-block-button"><a class="wp-block-button__link wp-element-button" href="https://congregacioncristiana.org.ar/index.php/circular-14-06-2022/" target="_blank" rel="noreferrer noopener">CIRCULAR 14/06/2022</a></div>



<div class="wp-block-button"><a class="wp-block-button__link wp-element-button" href="https://congregacioncristiana.org.ar/index.php/circular-08-02-2022/" target="_blank" rel="noreferrer noopener">CIRCULAR 08/02/2022</a></div>



<div class="wp-block-button"><a class="wp-block-button__link wp-element-button" href="https://congregacioncristiana.org.ar/index.php/circular-10-01-2022/" target="_blank" rel="noreferrer noopener">CIRCULAR 10/01/2022</a></div>



<div class="wp-block-button"><a class="wp-block-button__link wp-element-button" href="https://congregacioncristiana.org.ar/index.php/circular-14-12-2021/" target="_blank" rel="noreferrer noopener">CIRCULAR 14/12/2021</a></div>



<div class="wp-block-button"><a class="wp-block-button__link wp-element-button" href="https://congregacioncristiana.org.ar/index.php/circular-25-09-2021/" target="_blank" rel="noreferrer noopener">CIRCULAR 25/09/2021</a></div>



<div class="wp-block-button"><a class="wp-block-button__link wp-element-button" href="https://congregacioncristiana.org.ar/index.php/circular-26-07-2021/" target="_blank" rel="noreferrer noopener">CIRCULAR 26/07/2021</a></div>



<div class="wp-block-button"><a class="wp-block-button__link wp-element-button" href="https://congregacioncristiana.org.ar/index.php/circular-28-06-2021/" target="_blank" rel="noreferrer noopener">CIRCULAR 28/06/2021</a></div>



<div class="wp-block-button"><a class="wp-block-button__link wp-element-button" href="https://congregacioncristiana.org.ar/index.php/circular-19-06-2021/" target="_blank" rel="noreferrer noopener">CIRCULAR 19/06/2021</a></div>



<div class="wp-block-button"><a class="wp-block-button__link wp-element-button" href="https://congregacioncristiana.org.ar/index.php/circular-05-05-2021/" target="_blank" rel="noreferrer noopener">CIRCULAR 05/05/2021</a></div>



<div class="wp-block-button"><a class="wp-block-button__link wp-element-button" href="https://congregacioncristiana.org.ar/index.php/circular-15-04-2021/" target="_blank" rel="noreferrer noopener">CIRCULAR 15/04/2021</a></div>



<div class="wp-block-button"><a class="wp-block-button__link wp-element-button" href="https://congregacioncristiana.org.ar/index.php/circular-09-03-2021/" target="_blank" rel="noreferrer noopener">CIRCULAR 09/03/2021</a></div>



<div class="wp-block-button"><a class="wp-block-button__link wp-element-button" href="https://congregacioncristiana.org.ar/index.php/circular-21-01-2021/" target="_blank" rel="noreferrer noopener">CIRCULAR 21/01/2021</a></div>



<div class="wp-block-button"><a class="wp-block-button__link wp-element-button" href="https://congregacioncristiana.org.ar/index.php/circular-17-12-2020/" target="_blank" rel="noreferrer noopener">CIRCULAR 17/12/2020</a></div>



<div class="wp-block-button"><a class="wp-block-button__link wp-element-button" href="https://congregacioncristiana.org.ar/index.php/circular-25-06-2020/" target="_blank" rel="noreferrer noopener">CIRCULAR 25/06/2020</a></div>



<div class="wp-block-button"><a class="wp-block-button__link wp-element-button" href="https://congregacioncristiana.org.ar/index.php/circular-22-06-2020/" target="_blank" rel="noreferrer noopener">CIRCULAR 22/06/2020</a></div>



<div class="wp-block-button"><a class="wp-block-button__link wp-element-button" href="https://congregacioncristiana.org.ar/index.php/circular-16-06-2020/" target="_blank" rel="noreferrer noopener">CIRCULAR 16/06/2020</a></div>



<div class="wp-block-button"><a class="wp-block-button__link wp-element-button" href="https://congregacioncristiana.org.ar/index.php/circular-16-04-2020/" target="_blank" rel="noreferrer noopener">CIRCULAR 16/04/2020</a></div>



<div class="wp-block-button"><a class="wp-block-button__link wp-element-button" href="https://congregacioncristiana.org.ar/index.php/circular-23-03-2020/" target="_blank" rel="noreferrer noopener">CIRCULAR 23/03/2020</a></div>
</div>



<p></p>

<p>COMUNICADO AL MINISTERIO Y HERMANDAD EN GENERAL DE LA CONGREGACIÓN CRISTIANA EN LA ARGENTINA COLECTA NACIONAL DE PIEDAD Buenos Aires, 15 de Diciembre de 2025 La Paz de Dios sea en nuestros corazones. Por medio de la presente, el ministerio de la Congregación Cristiana en la Argentina desea poner en conocimiento de todo el pueblo <a href="https://congregacioncristiana.org.ar/index.php/comunicaciones/" rel="nofollow"><span class="sr-only">Leer más sobreCirculares</span>[&hellip;]</a></p>
