{"id":1974,"date":"2022-11-29T09:18:43","date_gmt":"2022-11-29T12:18:43","guid":{"rendered":"https:\/\/congregacioncristiana.org.ar\/?page_id=1974"},"modified":"2022-11-29T09:18:46","modified_gmt":"2022-11-29T12:18:46","slug":"circular-21-08-2022","status":"publish","type":"page","link":"https:\/\/congregacioncristiana.org.ar\/index.php\/circular-21-08-2022\/","title":{"rendered":"Circular 21\/08\/2022"},"content":{"rendered":"\n<h2 class=\"wp-block-heading\">COMUNICADO AL MINISTERIO Y HERMANDAD EN GENERAL DE LA CONGREGACI\u00d3N CRISTIANA EN LA ARGENTINA<\/h2>\n\n\n\n<h3 class=\"wp-block-heading\">USO DE TAPABOCAS DURANTE LOS SANTOS CULTOS<\/h3>\n\n\n\n<p class=\"has-text-align-right\">Buenos Aires, 21 de Agosto de 2022<\/p>\n\n\n\n<p>La Paz de Dios, sea con todos, Am\u00e9n.<\/p>\n\n\n\n<p>Considerando por parte del Consejo de Ancianos m\u00e1s Antiguos, la buena disposici\u00f3n en general de la querida hermandad para asistir en los santos cultos presenciales, y dando cumplimiento a la resoluci\u00f3n del Ministerio de Salud de la Naci\u00f3n 1849\/2022, la cual elimina el car\u00e1cter obligatorio del uso del barbijo como medida preventiva en la poblaci\u00f3n general, es que comunicamos a toda la hermandad y Ministerio, que a partir del mes d\u00eda jueves 22\/09\/2022, ser\u00e1 de uso opcional el tapabocas en los Santos Cultos presenciales en todo el territorio de la Rep\u00fablica Argentina.<\/p>\n\n\n\n<p>Recordamos y aconsejamos a toda la hermandad a continuar respetando y cumpliendo las indicaciones necesarias de higienizaci\u00f3n y uso de tapabocas o barbijos de tener alguna congesti\u00f3n y\/o tos.<\/p>\n\n\n\n<p>Los saludan con la Santa Paz de Dios, vuestros Hermanos en Cristo Jes\u00fas.<\/p>\n\n\n\n<p>Consejo de Ancianos m\u00e1s antiguos de la Congregaci\u00f3n Cristiana en la Argentina.<\/p>\n","protected":false},"excerpt":{"rendered":"<p>COMUNICADO AL MINISTERIO Y HERMANDAD EN GENERAL DE LA CONGREGACI\u00d3N CRISTIANA EN LA ARGENTINA USO DE TAPABOCAS DURANTE LOS SANTOS CULTOS Buenos Aires, 21 de Agosto de 2022 La Paz de Dios, sea con todos, Am\u00e9n. Considerando por parte del Consejo de Ancianos m\u00e1s Antiguos, la buena disposici\u00f3n en general de la querida hermandad para <a href=\"https:\/\/congregacioncristiana.org.ar\/index.php\/circular-21-08-2022\/\" rel=\"nofollow\"><span class=\"sr-only\">Leer m\u00e1s sobreCircular 21\/08\/2022<\/span>[&hellip;]<\/a><\/p>\n","protected":false},"author":1,"featured_media":0,"parent":0,"menu_order":0,"comment_status":"closed","ping_status":"closed","template":"","meta":{"footnotes":""},"class_list":["post-1974","page","type-page","status-publish","hentry"],"_links":{"self":[{"href":"https:\/\/congregacioncristiana.org.ar\/index.php\/wp-json\/wp\/v2\/pages\/1974","targetHints":{"allow":["GET"]}}],"collection":[{"href":"https:\/\/congregacioncristiana.org.ar\/index.php\/wp-json\/wp\/v2\/pages"}],"about":[{"href":"https:\/\/congregacioncristiana.org.ar\/index.php\/wp-json\/wp\/v2\/types\/page"}],"author":[{"embeddable":true,"href":"https:\/\/congregacioncristiana.org.ar\/index.php\/wp-json\/wp\/v2\/users\/1"}],"replies":[{"embeddable":true,"href":"https:\/\/congregacioncristiana.org.ar\/index.php\/wp-json\/wp\/v2\/comments?post=1974"}],"version-history":[{"count":1,"href":"https:\/\/congregacioncristiana.org.ar\/index.php\/wp-json\/wp\/v2\/pages\/1974\/revisions"}],"predecessor-version":[{"id":1975,"href":"https:\/\/congregacioncristiana.org.ar\/index.php\/wp-json\/wp\/v2\/pages\/1974\/revisions\/1975"}],"wp:attachment":[{"href":"https:\/\/congregacioncristiana.org.ar\/index.php\/wp-json\/wp\/v2\/media?parent=1974"}],"curies":[{"name":"wp","href":"https:\/\/api.w.org\/{rel}","templated":true}]}}

<h2 class="wp-block-heading">COMUNICADO AL MINISTERIO Y HERMANDAD EN GENERAL DE LA CONGREGACIÓN CRISTIANA EN LA ARGENTINA</h2>



<h3 class="wp-block-heading">USO DE TAPABOCAS DURANTE LOS SANTOS CULTOS</h3>



<p class="has-text-align-right">Buenos Aires, 21 de Agosto de 2022</p>



<p>La Paz de Dios, sea con todos, Amén.</p>



<p>Considerando por parte del Consejo de Ancianos más Antiguos, la buena disposición en general de la querida hermandad para asistir en los santos cultos presenciales, y dando cumplimiento a la resolución del Ministerio de Salud de la Nación 1849/2022, la cual elimina el carácter obligatorio del uso del barbijo como medida preventiva en la población general, es que comunicamos a toda la hermandad y Ministerio, que a partir del mes día jueves 22/09/2022, será de uso opcional el tapabocas en los Santos Cultos presenciales en todo el territorio de la República Argentina.</p>



<p>Recordamos y aconsejamos a toda la hermandad a continuar respetando y cumpliendo las indicaciones necesarias de higienización y uso de tapabocas o barbijos de tener alguna congestión y/o tos.</p>



<p>Los saludan con la Santa Paz de Dios, vuestros Hermanos en Cristo Jesús.</p>



<p>Consejo de Ancianos más antiguos de la Congregación Cristiana en la Argentina.</p>

<p>COMUNICADO AL MINISTERIO Y HERMANDAD EN GENERAL DE LA CONGREGACIÓN CRISTIANA EN LA ARGENTINA USO DE TAPABOCAS DURANTE LOS SANTOS CULTOS Buenos Aires, 21 de Agosto de 2022 La Paz de Dios, sea con todos, Amén. Considerando por parte del Consejo de Ancianos más Antiguos, la buena disposición en general de la querida hermandad para <a href="https://congregacioncristiana.org.ar/index.php/circular-21-08-2022/" rel="nofollow"><span class="sr-only">Leer más sobreCircular 21/08/2022</span>[&hellip;]</a></p>
