{"id":1879,"date":"2022-06-14T19:28:38","date_gmt":"2022-06-14T22:28:38","guid":{"rendered":"https:\/\/congregacioncristiana.org.ar\/?page_id=1879"},"modified":"2022-06-14T19:28:38","modified_gmt":"2022-06-14T22:28:38","slug":"circular-08-02-2022","status":"publish","type":"page","link":"https:\/\/congregacioncristiana.org.ar\/index.php\/circular-08-02-2022\/","title":{"rendered":"Circular 08\/02\/2022"},"content":{"rendered":"\n<h2 class=\"wp-block-heading\" id=\"comunicado-al-ministerio-y-hermandad-en-general-de-la-congregacion-cristiana-en-la-argentina\">COMUNICADO AL MINISTERIO Y HERMANDAD EN GENERAL DE LA CONGREGACI\u00d3N CRISTIANA EN LA ARGENTINA<\/h2>\n\n\n\n<h3 class=\"wp-block-heading\" id=\"reapertura-de-casas-de-oracion-para-santos-cultos\">REAPERTURA DE CASAS DE ORACI\u00d3N PARA SANTOS CULTOS<\/h3>\n\n\n\n<p class=\"has-text-align-right\">Buenos Aires, 8 de Febrero de 2022<\/p>\n\n\n\n<p>La Paz de Dios, sea con todos, Am\u00e9n.<\/p>\n\n\n\n<p>Considerando por parte del Consejo de Ancianos m\u00e1s Antiguos, la buena disposici\u00f3n en general de la querida hermandad para asistir en los santos cultos presenciales, y las bajas considerables de contagios de COVID-19, es que comunicamos a toda la hermandad y Ministerio, que a partir del d\u00eda mi\u00e9rcoles 09\/02\/2022, se reanudar\u00e1n los Santos Cultos presenciales en todo el territorio de la Rep\u00fablica Argentina.<\/p>\n\n\n\n<p>Tambi\u00e9n comunicamos que se realizar\u00e1 y trasmitir\u00e1 culto de manera On Line, s\u00f3lo los d\u00edas MARTES a las 20 hs, a fin de que aquellos hermanos que por motivos de enfermedades o situaciones personales que les impidan poder congregar presencialmente puedan seguir oyendo la Palabra de Dios.<\/p>\n\n\n\n<p>Recordamos y aconsejamos a toda la hermandad a continuar respetando y cumpliendo las indicaciones necesarias de higienizaci\u00f3n y distanciamiento, y que el uso de tapabocas o barbijos durante todo el servicio de culto ser\u00e1 requisito indispensable para poder ingresar y permanecer en la iglesia, teniendo en cuenta que al finalizar el servicio deber\u00e1n retirarse sin saludarse con el \u00f3sculo santo hasta que Dios nos de esta libertad nuevamente.<\/p>\n\n\n\n<p>Los saludan con la Santa Paz de Dios, vuestros Hermanos en Cristo Jes\u00fas.<\/p>\n\n\n\n<p>Consejo de Ancianos m\u00e1s antiguos de la Congregaci\u00f3n Cristiana en la Argentina.<\/p>\n","protected":false},"excerpt":{"rendered":"<p>COMUNICADO AL MINISTERIO Y HERMANDAD EN GENERAL DE LA CONGREGACI\u00d3N CRISTIANA EN LA ARGENTINA REAPERTURA DE CASAS DE ORACI\u00d3N PARA SANTOS CULTOS Buenos Aires, 8 de Febrero de 2022 La Paz de Dios, sea con todos, Am\u00e9n. Considerando por parte del Consejo de Ancianos m\u00e1s Antiguos, la buena disposici\u00f3n en general de la querida hermandad <a href=\"https:\/\/congregacioncristiana.org.ar\/index.php\/circular-08-02-2022\/\" rel=\"nofollow\"><span class=\"sr-only\">Leer m\u00e1s sobreCircular 08\/02\/2022<\/span>[&hellip;]<\/a><\/p>\n","protected":false},"author":1,"featured_media":0,"parent":0,"menu_order":0,"comment_status":"closed","ping_status":"closed","template":"","meta":{"footnotes":""},"class_list":["post-1879","page","type-page","status-publish","hentry"],"_links":{"self":[{"href":"https:\/\/congregacioncristiana.org.ar\/index.php\/wp-json\/wp\/v2\/pages\/1879","targetHints":{"allow":["GET"]}}],"collection":[{"href":"https:\/\/congregacioncristiana.org.ar\/index.php\/wp-json\/wp\/v2\/pages"}],"about":[{"href":"https:\/\/congregacioncristiana.org.ar\/index.php\/wp-json\/wp\/v2\/types\/page"}],"author":[{"embeddable":true,"href":"https:\/\/congregacioncristiana.org.ar\/index.php\/wp-json\/wp\/v2\/users\/1"}],"replies":[{"embeddable":true,"href":"https:\/\/congregacioncristiana.org.ar\/index.php\/wp-json\/wp\/v2\/comments?post=1879"}],"version-history":[{"count":1,"href":"https:\/\/congregacioncristiana.org.ar\/index.php\/wp-json\/wp\/v2\/pages\/1879\/revisions"}],"predecessor-version":[{"id":1881,"href":"https:\/\/congregacioncristiana.org.ar\/index.php\/wp-json\/wp\/v2\/pages\/1879\/revisions\/1881"}],"wp:attachment":[{"href":"https:\/\/congregacioncristiana.org.ar\/index.php\/wp-json\/wp\/v2\/media?parent=1879"}],"curies":[{"name":"wp","href":"https:\/\/api.w.org\/{rel}","templated":true}]}}

<h2 class="wp-block-heading" id="comunicado-al-ministerio-y-hermandad-en-general-de-la-congregacion-cristiana-en-la-argentina">COMUNICADO AL MINISTERIO Y HERMANDAD EN GENERAL DE LA CONGREGACIÓN CRISTIANA EN LA ARGENTINA</h2>



<h3 class="wp-block-heading" id="reapertura-de-casas-de-oracion-para-santos-cultos">REAPERTURA DE CASAS DE ORACIÓN PARA SANTOS CULTOS</h3>



<p class="has-text-align-right">Buenos Aires, 8 de Febrero de 2022</p>



<p>La Paz de Dios, sea con todos, Amén.</p>



<p>Considerando por parte del Consejo de Ancianos más Antiguos, la buena disposición en general de la querida hermandad para asistir en los santos cultos presenciales, y las bajas considerables de contagios de COVID-19, es que comunicamos a toda la hermandad y Ministerio, que a partir del día miércoles 09/02/2022, se reanudarán los Santos Cultos presenciales en todo el territorio de la República Argentina.</p>



<p>También comunicamos que se realizará y trasmitirá culto de manera On Line, sólo los días MARTES a las 20 hs, a fin de que aquellos hermanos que por motivos de enfermedades o situaciones personales que les impidan poder congregar presencialmente puedan seguir oyendo la Palabra de Dios.</p>



<p>Recordamos y aconsejamos a toda la hermandad a continuar respetando y cumpliendo las indicaciones necesarias de higienización y distanciamiento, y que el uso de tapabocas o barbijos durante todo el servicio de culto será requisito indispensable para poder ingresar y permanecer en la iglesia, teniendo en cuenta que al finalizar el servicio deberán retirarse sin saludarse con el ósculo santo hasta que Dios nos de esta libertad nuevamente.</p>



<p>Los saludan con la Santa Paz de Dios, vuestros Hermanos en Cristo Jesús.</p>



<p>Consejo de Ancianos más antiguos de la Congregación Cristiana en la Argentina.</p>

<p>COMUNICADO AL MINISTERIO Y HERMANDAD EN GENERAL DE LA CONGREGACIÓN CRISTIANA EN LA ARGENTINA REAPERTURA DE CASAS DE ORACIÓN PARA SANTOS CULTOS Buenos Aires, 8 de Febrero de 2022 La Paz de Dios, sea con todos, Amén. Considerando por parte del Consejo de Ancianos más Antiguos, la buena disposición en general de la querida hermandad <a href="https://congregacioncristiana.org.ar/index.php/circular-08-02-2022/" rel="nofollow"><span class="sr-only">Leer más sobreCircular 08/02/2022</span>[&hellip;]</a></p>
